
Calculate the remainder when 15045 is divided by 8.
5
Calculate the remainder when 277507 is divided by 476.
475
Calculate the remainder when 37129 is divided by 3088.
73
Calculate the remainder when 2778 is divided by 118.
64
What is the remainder when 581746 is divided by 41?
38
What is the remainder when 423150 is divided by 49?
35
What is the remainder when 16508 is divided by 117?
11
Calculate the remainder when 1602 is divided by 163.
135
What is the remainder when 165421 is divided by 263?
257
Calculate the remainder when 10704 is divided by 131.
93
Calculate the remainder when 1504 is divided by 733.
38
What is the remainder when 23702 is divided by 2631?
23
Calculate the remainder when 142712 is divided by 127.
91
Calculate the remainder when 589623 is divided by 19.
15
Calculate the remainder when 168423 is divided by 171.
159
Calculate the remainder when 264963 is divided by 15.
3
What is the remainder when 89104 is divided by 300?
4
What is the remainder when 333555 is divided by 174?
171
What is the remainder when 2014 is divided by 640?
94
Calculate the remainder when 5950019 is divided by 20.
19
What is the remainder when 2238 is divided by 1099?
40
What is the remainder when 178 is divided by 4?
2
What is the remainder when 318274 is divided by 236?
146
What is the remainder when 13560 is divided by 6761?
38
Calculate the remainder when 21296 is divided by 148.
132
Calculate the remainder when 62810 is divided by 1208.
1202
What is the remainder when 115829 is divided by 22?
21
Calculate the remainder when 1438141 is divided by 977.
974
Calculate the remainder when 3232 is divided by 56.
40
What is the remainder when 77166 is divided by 66?
12
Calculate the remainder when 2249 is divided by 159.
23
Calculate the remainder when 34941 is divided by 30.
21
Calculate the remainder when 3343 is divided by 579.
448
What is the remainder when 11020 is divided by 960?
460
What is the remainder when 5600 is divided by 5027?
573
Calculate the remainder when 3664 is divided by 302.
40
Calculate the remainder when 29093 is divided by 7239.
137
Calculate the remainder when 271166 is divided by 50.
16
What is the remainder when 2353 is divided by 465?
28
What is the remainder when 4536 is divided by 454?
450
What is the remainder when 1402 is divided by 1370?
32
Calculate the remainder when 36569 is divided by 265.
264
What is the remainder when 12010 is divided by 572?
570
What is the remainder when 2667 is divided by 115?
22
Calculate the remainder when 427075 is divided by 259.
243
Calculate the remainder when 160779 is divided by 104.
99
What is the remainder when 31329 is divided by 435?
9
Calculate the remainder when 4381 is divided by 860.
81
Calculate the remainder when 148173 is divided by 97.
54
Calculate the remainder when 19519 is divided by 40.
39
What is the remainder when 111143 is divided by 37023?
74
Calculate the remainder when 505774 is divided by 771.
769
What is the remainder when 902 is divided by 125?
27
Calculate the remainder when 5334 is divided by 79.
41
Calculate the remainder when 933697 is divided by 116711.
9
What is the remainder when 1570708 is divided by 30?
28
Calculate the remainder when 11670 is divided by 91.
22
What is the remainder when 2310 is divided by 52?
22
What is the remainder when 54282 is divided by 3587?
477
What is the remainder when 366538 is divided by 6?
4
What is the remainder when 4384 is divided by 164?
120
What is the remainder when 85245 is divided by 116?
101
What is the remainder when 48003 is divided by 889?
886
What is the remainder when 18532 is divided by 214?
128
Calculate the remainder when 343253 is divided by 9807.
8
Calculate the remainder when 18338 is divided by 367.
355
What is the remainder when 2542 is divided by 63?
22
Calculate the remainder when 44301 is divided by 376.
309
Calculate the remainder when 92161 is divided by 485.
11
Calculate the remainder when 16431 is divided by 95.
91
What is the remainder when 20994 is divided by 100?
94
Calculate the remainder when 136811 is divided by 26.
25
Calculate the remainder when 315298 is divided by 19.
12
Calculate the remainder when 1917635 is divided by 37.
36
What is the remainder when 1407 is divided by 219?
93
Calculate the remainder when 6422 is divided by 119.
115
Calculate the remainder when 4139422 is divided by 54.
52
What is the remainder when 16989 is divided by 95?
79
What is the remainder when 2112 is divided by 177?
165
Calculate the remainder when 5079 is divided by 98.
81
Calculate the remainder when 12307 is divided by 334.
283
Calculate the remainder when 64826 is divided by 32406.
14
What is the remainder when 26860 is divided by 8940?
40
Calculate the remainder when 209560 is divided by 95.
85
Calculate the remainder when 78551 is divided by 24.
23
What is the remainder when 5890 is divided by 82?
68
Calculate the remainder when 781 is divided by 124.
37
Calculate the remainder when 4626 is divided by 52.
50
Calculate the remainder when 6854 is divided by 63.
50
What is the remainder when 2778 is divided by 398?
390
Calculate the remainder when 79817 is divided by 260.
257
What is the remainder when 86469 is divided by 1201?
1198
Calculate the remainder when 1266 is divided by 391.
93
Calculate the remainder when 214097 is divided by 617.
615
What is the remainder when 892 is divided by 360?
172
What is the remainder when 4117 is divided by 603?
499
Calculate the remainder when 8611 is divided by 58.
27
What is the remainder when 87102 is divided by 187?
147
Calculate the remainder when 21962 is divided by 1996.
6
What is the remainder when 22684 is divided by 3545?
1414
What is the remainder when 620229 is divided by 37?
35
Calculate the remainder when 109670 is divided by 28.
22
What is the remainder when 5657253 is divided by 9?
6
Calculate the remainder when 8998 is divided by 90.
88
What is the remainder when 29743 is divided by 237?
118
What is the remainder when 16809 is divided by 1289?
52
What is the remainder when 61762 is divided by 20583?
13
Calculate the remainder when 6520 is divided by 930.
10
Calculate the remainder when 2203010 is divided by 28.
26
What is the remainder when 5603 is divided by 233?
11
Calculate the remainder when 29491 is divided by 602.
595
Calculate the remainder when 2224 is divided by 207.
154
What is the remainder when 375354 is divided by 1034?
12
What is the remainder when 2221 is divided by 130?
11
Calculate the remainder when 154494 is divided by 68.
66
What is the remainder when 7243 is divided by 970?
453
Calculate the remainder when 16279 is divided by 185.
184
What is the remainder when 2082666 is divided by 17?
13
Calculate the remainder when 284934 is divided by 37.
34
Calculate the remainder when 207158 is divided by 6681.
47
Calculate the remainder when 3589 is divided by 1794.
1
Calculate the remainder when 7532 is divided by 3759.
14
Calculate the remainder when 68169 is divided by 159.
117
What is the remainder when 14652 is divided by 14615?
37
Calculate the remainder when 26072 is divided by 54.
44
Calculate the remainder when 259518 is divided by 356.
350
What is the remainder when 266200 is divided by 541?
28
Calculate the remainder when 2991 is divided by 1413.
165
Calculate the remainder when 7823 is divided by 26.
23
What is the remainder when 37399 is divided by 2492?
19
What is the remainder when 697 is divided by 350?
347
Calculate the remainder when 30395 is divided by 149.
148
Calculate the remainder when 19291 is divided by 1928.
11
What is the remainder when 29836 is divided by 269?
246
Calculate the remainder when 2694 is divided by 2331.
363
Calculate the remainder when 16359 is divided by 4072.
71
What is the remainder when 79783 is divided by 688?
663
Calculate the remainder when 3521 is divided by 1173.
2
Calculate the remainder when 14537 is divided by 3621.
53
What is the remainder when 18657 is divided by 3731?
2
What is the remainder when 701 is divided by 572?
129
Calculate the remainder when 15357 is divided by 230.
177
What is the remainder when 815471 is divided by 41?
22
Calculate the remainder when 16744 is divided by 84.
28
Calculate the remainder when 818772 is divided by 5.
2
Calculate the remainder when 3155